t of 69873?
3
What is the tens digit of 21278?
7
What is the ten thousands digit of 698789?
9
What is the thousands digit of 2496237?
6
What is the ten thousands digit of 1445154?
4
What is the thousands digit of 14213979?
3
What is the thousands digit of 228519?
8
What is the thousands digit of 76803?
6
What is the thousands digit of 2493589?
3
What is the thousands digit of 289931?
9
What is the units digit of 2170303?
3
What is the millions digit of 23484437?
3
What is the tens digit of 274456?
5
What is the ten thousands digit of 379790?
7
What is the units digit of 660536?
6
What is the thousands digit of 7123768?
3
What is the millions digit of 6444354?
6
What is the millions digit of 9817567?
9
What is the hundred thousands digit of 169347?
1
What is the ten thousands digit of 243762?
4
What is the units digit of 517673?
3
What is the hundred thousands digit of 879664?
8
What is the units digit of 664074?
4
What is the ten thousands digit of 21292802?
9
What is the units digit of 919949?
9
What is the hundred thousands digit of 34240819?
2
What is the tens digit of 2159069?
6
What is the tens digit of 2255927?
2
What is the thousands digit of 21729?
1
What is the hundreds digit of 393549?
5
What is the millions digit of 3400366?
3
What is the millions digit of 6566422?
6
What is the hundred thousands digit of 2905008?
9
What is the thousands digit of 334671?
4
What is the hundreds digit of 336520?
5
What is the hundreds digit of 41533?
5
What is the millions digit of 36084516?
6
What is the tens digit of 1560853?
5
What is the tens digit of 14448255?
5
What is the millions digit of 1309901?
1
What is the units digit of 284777?
7
What is the units digit of 417949?
9
What is the ten thousands digit of 46706?
4
What is the ten thousands digit of 504821?
0
What is the tens digit of 2094757?
5
What is the millions digit of 11228655?
1
What is the hundreds digit of 401112?
1
What is the ten millions digit of 33788433?
3
What is the ten thousands digit of 293524?
9
What is the millions digit of 13082387?
3
What is the ten thousands digit of 66347?
6
What is the millions digit of 3763326?
3
What is the tens digit of 155066?
6
What is the units digit of 2300992?
2
What is the thousands digit of 72944?
2
What is the hundreds digit of 2619317?
3
What is the millions digit of 2992901?
2
What is the tens digit of 2368072?
7
What is the millions digit of 4581315?
4
What is the tens digit of 15019?
1
What is the units digit of 2609975?
5
What is the thousands digit of 9471808?
1
What is the hundreds digit of 12821413?
4
What is the ten thousands digit of 1018299?
1
What is the hundreds digit of 130027?
0
What is the hundreds digit of 67110?
1
What is the thousands digit of 1648144?
8
What is the units digit of 2138?
8
What is the units digit of 2270273?
3
What is the units digit of 304560?
0
What is the hundred thousands digit of 24235392?
2
What is the units digit of 57985?
5
What is the millions digit of 2231008?
2
What is the tens digit of 344990?
9
What is the units digit of 1154301?
1
What is the tens digit of 9957688?
8
What is the thousands digit of 2073227?
3
What is the tens digit of 296600?
0
What is the hundreds digit of 407024?
0
What is the units digit of 1375024?
4
What is the tens digit of 438633?
3
What is the tens digit of 312074?
7
What is the hundreds digit of 668590?
5
What is the tens digit of 6263759?
5
What is the hundred thousands digit of 459902?
4
What is the units digit of 17622030?
0
What is the tens digit of 2161878?
7
What is the hundreds digit of 1453901?
9
What is the hundred thousands digit of 324439?
3
What is the thousands digit of 3260968?
0
What is the units digit of 195800?
0
What is the thousands digit of 1838251?
8
What is the thousands digit of 9136942?
6
What is the tens digit of 2410?
1
What is the ten thousands digit of 453583?
5
What is the thousands digit of 294258?
4
What is the hundred thousands digit of 4703825?
7
What is the hundreds digit of 2462920?
9
What is the units digit of 69158?
8
What is the hundred thousands digit of 786263?
7
What is the tens digit of 1429572?
7
What is the units digit of 195419?
9
What is the units digit of 108909?
9
What is the hundred thousands digit of 7448763?
4
What is the ten thousands digit of 356921?
5
What is the units digit of 15400396?
6
What is the millions digit of 2977874?
2
What is the ten thousands digit of 101288?
0
What is the units digit of 2420830?
0
What is the units digit of 3195633?
3
What is the units digit of 526284?
4
What is the tens digit of 6216807?
0
What is the millions digit of 3251844?
3
What is the ten millions digit of 19574023?
1
What is the ten thousands digit of 21168275?
6
What is the thousands digit of 4169825?
9
What is the hundreds digit of 1303461?
4
What is the ten thousands digit of 476424?
7
What is the hundreds digit of 974031?
0
What is the hundreds digit of 1383650?
6
What is the hundred thousands digit of 1647983?
6
What is the ten thousands digit of 350090?
5
What is the tens digit of 5193197?
9
What is the units digit of 8539?
9
What is the thousands digit of 163730?
3
What is the tens digit of 249852?
5
What is the units digit of 30536456?
6
What is the hundreds digit of 190962?
9
What is the tens digit of 3567003?
0
What is the ten thousands digit of 467067?
6
What is the tens digit of 276965?
6
What is the tens digit of 864320?
2
What is the ten thousands digit of 6059651?
5
What is the thousands digit of 1784288?
4
What is the millions digit of 1015708?
1
What is the units digit of 15127124?
4
What is the units digit of 703201?
1
What is the thousands digit of 298908?
8
What is the ten thousands digit of 800269?
0
What is the hundred thousands digit of 3324032?
3
What is the thousands digit of 10876535?
6
What is the hundreds digit of 644897?
8
What is the ten thousands digit of 29922?
2
What is the hundreds digit of 89016?
0
What is the hundreds digit of 539645?
6
What is the thousands digit of 344162?
4
What is the hundred thousands digit of 7313554?
3
What is the ten thousands digit of 18620117?
2
What is the tens digit of 2633526?
2
What is the tens digit of 506351?
5
What is the hundreds digit of 5031516?
5
What is the hundreds digit of 506928?
9
What is the ten thousands digit of 13596442?
9
What is the hundreds digit of 3755078?
0
What is the units digit of 2981604?
4
What is the tens digit of 4625?
2
What is the hundreds digit of 622273?
2
What is the tens digit of 788539?
3
What is the units digit of 1568557?
7
What is the thousands digit of 164886?
4
What is the hundred thousands digit of 1478445?
4
What is the ten thousands digit of 25920?
2
What is the units digit of 10404826?
6
What is the ten thousands digit of 152710?
5
What is the tens digit of 11056567?
6
What is the tens digit of 4526050?
5
What is the hundred thousands digit of 294997?
2
What is the tens digit of 317618?
1
What is the tens digit of 498173?
7
What is the units digit of 2899675?
5
What is the hundred thousands digit of 5245898?
2
What is the thousands digit of 915996?
5
What is the hundred thousands digit of 276805?
2
What is the tens digit of 71057?
5
What is the ten thousands digit of 161342?
6
What is the units digit of 36640039?
9
What is the hundreds digit of 697943?
9
What is the hundreds digit of 4294602?
6
What is the units digit of 7934124?
4
What is the hundreds digit of 11239445?
4
What is the hundred thousands digit of 2442922?
4
What is the millions digit of 6146346?
6
What is the units digit of 19259?
9
What is the hundreds digit of 14907396?
3
What is the hundreds digit of 1859463?
4
What is the units digit of 23989304?
4
What is the ten thousands digit of 5476871?
7
What is the hundred thousands digit of 16446963?
4
What is the tens digit of 94622?
2
What is the units digit of 742432?
2
What is the hundreds digit of 321680?
6
What is the ten thousands digit of 2502093?
0
What is the tens digit of 8325545?
4
What is the tens digit of 504626?
2
What is the tens digit of 7022093?
9
What is the units digit of 4175504?
4
What is the units digit of 429653?
3
What is the tens digit of 295692?
9
What is the hundred thousands digit of 2964926?
9
What is the units digit of 21639475?
5
What is the hundreds digit of 19105393?
